 divided by 14.
2
Calculate the remainder when 136292 is divided by 1904.
1108
What is the remainder when 205600 is divided by 811?
417
Calculate the remainder when 794883 is divided by 740.
123
Calculate the remainder when 83273 is divided by 945.
113
Calculate the remainder when 31408268 is divided by 42.
38
What is the remainder when 79167 is divided by 26200?
567
What is the remainder when 590872 is divided by 1612?
880
What is the remainder when 133327945 is divided by 17?
5
What is the remainder when 592048 is divided by 1990?
1018
What is the remainder when 82595306 is divided by 104287?
2
What is the remainder when 2352971 is divided by 29411?
91
What is the remainder when 106690 is divided by 174?
28
What is the remainder when 35531567 is divided by 233?
232
What is the remainder when 698082 is divided by 2861?
2859
Calculate the remainder when 158423 is divided by 52758.
149
What is the remainder when 168301 is divided by 55826?
823
What is the remainder when 6195311 is divided by 1548629?
795
Calculate the remainder when 42202704 is divided by 3014478.
12
Calculate the remainder when 859729 is divided by 532.
17
What is the remainder when 2098688 is divided by 6302?
122
Calculate the remainder when 145719 is divided by 2245.
2039
Calculate the remainder when 1198726047 is divided by 430.
427
Calculate the remainder when 2139956 is divided by 6.
2
What is the remainder when 645553 is divided by 23050?
153
Calculate the remainder when 1155824 is divided by 114.
92
What is the remainder when 30122 is divided by 14864?
394
What is the remainder when 23313654 is divided by 261951?
15
Calculate the remainder when 1223958 is divided by 3.
0
Calculate the remainder when 546505 is divided by 114.
103
What is the remainder when 858334 is divided by 142?
86
What is the remainder when 7091355 is divided by 3661?
3659
What is the remainder when 16427852 is divided by 3285570?
2
Calculate the remainder when 357584 is divided by 119170.
74
Calculate the remainder when 122523 is divided by 13165.
4038
Calculate the remainder when 11226998 is divided by 87.
83
Calculate the remainder when 4532194 is divided by 1876.
1654
What is the remainder when 3813624 is divided by 620?
4
What is the remainder when 10003860 is divided by 77?
20
What is the remainder when 8085048 is divided by 10780?
48
What is the remainder when 52134323 is divided by 2321?
21
What is the remainder when 227519 is divided by 227166?
353
Calculate the remainder when 44017575 is divided by 69.
60
Calculate the remainder when 781546 is divided by 2411.
382
What is the remainder when 350720 is divided by 1550?
420
Calculate the remainder when 975929 is divided by 42431.
16
What is the remainder when 333204785 is divided by 253?
243
Calculate the remainder when 411575 is divided by 137122.
209
Calculate the remainder when 100143 is divided by 1179.
1107
What is the remainder when 1801634 is divided by 48687?
215
What is the remainder when 12444046 is divided by 527?
522
Calculate the remainder when 16015017 is divided by 340.
337
Calculate the remainder when 2559019 is divided by 197.
186
Calculate the remainder when 718648 is divided by 23.
13
What is the remainder when 18559230 is divided by 1659?
1656
Calculate the remainder when 4249285 is divided by 3794.
5
What is the remainder when 290790 is divided by 2220?
2190
What is the remainder when 121999 is divided by 60968?
63
What is the remainder when 528578917 is divided by 14521?
14517
Calculate the remainder when 7714374 is divided by 1928584.
38
What is the remainder when 143496907 is divided by 47832302?
1
Calculate the remainder when 4205 is divided by 157.
123
Calculate the remainder when 44176 is divided by 1779.
1480
Calculate the remainder when 11519001 is divided by 397200.
201
What is the remainder when 17722733 is divided by 321?
2
Calculate the remainder when 14189410 is divided by 346081.
89
Calculate the remainder when 9528922 is divided by 6054.
5980
Calculate the remainder when 2282079 is divided by 680.
679
Calculate the remainder when 31168 is divided by 3347.
1045
Calculate the remainder when 2068250 is divided by 1005.
965
Calculate the remainder when 689899 is divided by 689873.
26
Calculate the remainder when 126493 is divided by 236.
233
Calculate the remainder when 284818 is divided by 119.
51
What is the remainder when 5952 is divided by 1571?
1239
What is the remainder when 37309 is divided by 784?
461
What is the remainder when 699344 is divided by 63574?
30
Calculate the remainder when 87641 is divided by 119.
57
Calculate the remainder when 470531572 is divided by 97.
92
Calculate the remainder when 30270025 is divided by 33935.
5
Calculate the remainder when 24912 is divided by 24407.
505
What is the remainder when 3606128 is divided by 1803059?
10
Calculate the remainder when 3138755644 is divided by 1846.
1844
What is the remainder when 3904013 is divided by 1476?
1469
Calculate the remainder when 67280587 is divided by 2883.
16
Calculate the remainder when 1961948 is divided by 3430.
3418
Calculate the remainder when 1902145 is divided by 38819.
14
What is the remainder when 4664079 is divided by 453?
444
What is the remainder when 1977384 is divided by 5245?
19
What is the remainder when 76456 is divided by 4493?
75
Calculate the remainder when 59939 is divided by 11967.
104
What is the remainder when 75198 is divided by 1066?
578
Calculate the remainder when 51220832 is divided by 2950.
2932
What is the remainder when 328269 is divided by 2510?
1969
What is the remainder when 65813 is divided by 10924?
269
What is the remainder when 16907091 is divided by 31?
1
Calculate the remainder when 186636326 is divided by 3361.
3357
What is the remainder when 428197 is divided by 7512?
13
Calculate the remainder when 4672238 is divided by 8.
6
What is the remainder when 110794 is divided by 1960?
1034
What is the remainder when 1508299 is divided by 15234?
133
Calculate the remainder when 1630822 is divided by 602.
4
What is the remainder when 1437307 is divided by 1521?
1483
What is the remainder when 825795 is divided by 514?
311
What is the remainder when 205881 is divided by 440?
401
What is the remainder when 11691054 is divided by 1169105?
4
Calculate the remainder when 157143 is divided by 1207.
233
Calculate the remainder when 4221364 is divided by 6722.
6670
Calculate the remainder when 5306656 is divided by 4082.
56
Calculate the remainder when 294297 is divided by 1344.
1305
What is the remainder when 278176842 is divided by 11?
9
Calculate the remainder when 147334 is divided by 312.
70
What is the remainder when 360488 is divided by 289?
105
Calculate the remainder when 14036406 is divided by 177.
129
Calculate the remainder when 496983 is divided by 46.
45
What is the remainder when 2789972 is divided by 1031?
86
Calculate the remainder when 347203 is divided by 3858.
3841
Calculate the remainder when 61862857 is divided by 12372568.
17
Calculate the remainder when 1422693 is divided by 474038.
579
Calculate the remainder when 113165947 is divided by 674.
673
Calculate the remainder when 72516562 is divided by 186.
184
Calculate the remainder when 36484 is divided by 124.
28
What is the remainder when 43061 is divided by 2404?
2193
Calculate the remainder when 2539790 is divided by 1520.
1390
What is the remainder when 1429461 is divided by 476291?
588
What is the remainder when 427674171 is divided by 85534833?
6
What is the remainder when 997016 is divided by 841?
431
Calculate the remainder when 1678892 is divided by 839412.
68
What is the remainder when 5145838 is divided by 90?
88
What is the remainder when 2294749 is divided by 26682?
97
What is the remainder when 11739315 is divided by 311?
309
What is the remainder when 312277 is divided by 44609?
14
What is the remainder when 18547798 is divided by 136?
118
Calculate the remainder when 647661 is divided by 107930.
81
Calculate the remainder when 14671236 is divided by 237.
225
What is the remainder when 11073502 is divided by 240726?
106
What is the remainder when 3743799 is divided by 414?
411
Calculate the remainder when 3068823 is divided by 792.
615
What is the remainder when 5059050 is divided by 307?
304
What is the remai